{"version":"1.0","provider_name":"Locansol, llogar un allotjament als Pirineus Orientals, Fran\u00e7a","provider_url":"https:\/\/www.locansol.fr\/ca","author_name":"H\u00e9bergements Locansol","author_url":"https:\/\/www.locansol.fr\/ca\/author\/locansol\/","title":"EXPOSITION : LES TOUTEMPS ET L\u00c9A DUCOS","type":"rich","width":600,"height":338,"html":"<blockquote class=\"wp-embedded-content\" data-secret=\"xyMC11sbh0\"><a href=\"https:\/\/www.locansol.fr\/ca\/evenement\/exposition-les-toutemps-et-lea-ducos\/\">EXPOSITION : LES TOUTEMPS ET L\u00c9A DUCOS<\/a><\/blockquote><iframe sandbox=\"allow-scripts\" security=\"restricted\" src=\"https:\/\/www.locansol.fr\/ca\/evenement\/exposition-les-toutemps-et-lea-ducos\/embed\/#?secret=xyMC11sbh0\" width=\"600\" height=\"338\" title=\"&#8220;EXPOSITION : LES TOUTEMPS ET L\u00c9A DUCOS&#8221; &#8212; Locansol, louer un h\u00e9bergement dans les Pyr\u00e9n\u00e9es Orientales\" data-secret=\"xyMC11sbh0\" frameborder=\"0\" marginwidth=\"0\" marginheight=\"0\" scrolling=\"no\" class=\"wp-embedded-content\"><\/iframe><script>\n\/*! This file is auto-generated *\/\n!function(d,l){\"use strict\";l.querySelector&&d.addEventListener&&\"undefined\"!=typeof URL&&(d.wp=d.wp||{},d.wp.receiveEmbedMessage||(d.wp.receiveEmbedMessage=function(e){var t=e.data;if((t||t.secret||t.message||t.value)&&!\/[^a-zA-Z0-9]\/.test(t.secret)){for(var s,r,n,a=l.querySelectorAll('iframe[data-secret=\"'+t.secret+'\"]'),o=l.querySelectorAll('blockquote[data-secret=\"'+t.secret+'\"]'),c=new RegExp(\"^https?:$\",\"i\"),i=0;i<o.length;i++)o[i].style.display=\"none\";for(i=0;i<a.length;i++)s=a[i],e.source===s.contentWindow&&(s.removeAttribute(\"style\"),\"height\"===t.message?(1e3<(r=parseInt(t.value,10))?r=1e3:~~r<200&&(r=200),s.height=r):\"link\"===t.message&&(r=new URL(s.getAttribute(\"src\")),n=new URL(t.value),c.test(n.protocol))&&n.host===r.host&&l.activeElement===s&&(d.top.location.href=t.value))}},d.addEventListener(\"message\",d.wp.receiveEmbedMessage,!1),l.addEventListener(\"DOMContentLoaded\",function(){for(var e,t,s=l.querySelectorAll(\"iframe.wp-embedded-content\"),r=0;r<s.length;r++)(t=(e=s[r]).getAttribute(\"data-secret\"))||(t=Math.random().toString(36).substring(2,12),e.src+=\"#?secret=\"+t,e.setAttribute(\"data-secret\",t)),e.contentWindow.postMessage({message:\"ready\",secret:t},\"*\")},!1)))}(window,document);\n\/\/# sourceURL=https:\/\/www.locansol.fr\/wp-includes\/js\/wp-embed.min.js\n<\/script>","thumbnail_url":"https:\/\/www.locansol.fr\/wp-content\/uploads\/2026\/02\/exposition-art-contemporain-sculpture.webp","thumbnail_width":1250,"thumbnail_height":760,"description":"Du 22 janvier au 8 mars 2025, la Galerie des Hospices \u00e0 Canet-en-Roussillon accueille une exposition collective intitul\u00e9e \u00ab Les Toutemps et L\u00e9a Ducos \u00bb. Cette manifestation r\u00e9unie deux artistes aux pratiques distinctes mais compl\u00e9mentaires. Beno\u00eet Szczurek et Bernadette Chaix, connus sous le nom d\u2019Atelier Les Toutemps, se sont initi\u00e9s respectivement \u00e0 la sculpture sur pierre et \u00e0 la cr\u00e9ation textile, avec une forte attache au dessin. Au fil des ann\u00e9es, leur travail s\u2019est \u00e9largi \u00e0 des m\u00e9diums vari\u00e9s : pierre, textile, c\u00e9ramique, et toile num\u00e9rique. Leurs \u0153uvres, souvent pr\u00e9sent\u00e9es sous forme d\u2019installations graphiques, ont \u00e9t\u00e9 expos\u00e9es dans des lieux comme Arcas \u00e0 Perpignan, Fragment \u00e0 Toulouse, ou encore La Nef \u00e0 Montpellier. Parall\u00e8lement, L\u00e9a Ducos, n\u00e9e \u00e0 Perpignan en 1989, est dipl\u00f4m\u00e9e en art mention Espaces de l\u2019\u00c9cole Sup\u00e9rieure d\u2019Art et Design de Saint-\u00c9tienne et de la Facultad de Belas Artes de l\u2019Universidade do Porto, au Portugal. En 2020, elle a obtenu une bourse de recherche et une r\u00e9sidence internationale \u00e0 Stuttgart, en Allemagne, en partenariat avec l\u2019Institut fran\u00e7ais et la Kunststiftung Baden-W\u00fcrttemberg. Son travail s\u2019inscrit dans une d\u00e9marche po\u00e9tique d\u2019assemblage, utilisant des chutes de bois de menuiseries et d\u2019encombrants pour cr\u00e9er des \u0153uvres \u00e0 la fois sensibles et r\u00e9fl\u00e9chies. Ses cr\u00e9ations ont \u00e9t\u00e9 pr\u00e9sent\u00e9es \u00e0 Paris (Bastille Design Center, galerie du Crous, 91, Artist Run Space), \u00e0 Saint-\u00c9tienne, Avignon, et \u00e0 l\u2019\u00e9tranger, notamment \u00e0 Stuttgart. L\u2019exposition \u00e0 Canet-en-Roussillon offre une rencontre entre deux univers : celui des installations narratives d\u2019Atelier Les Toutemps et celui des assemblages mat\u00e9riels de L\u00e9a Ducos. L\u2019entr\u00e9e est libre. L\u2019exposition est ouverte tous les jours, de 15h \u00e0 18h. Le lieu, situ\u00e9 au 12 Avenue de Perpignan, propose un cadre chaleureux propice \u00e0 une immersion dans des univers artistiques riches et sensibles."}

Locansol, llogar un allotjament als Pirineus Orientals, França

Hébergements Locansol

EXPOSITION : LES TOUTEMPS ET LÉA DUCOS

<blockquote class="wp-embedded-content" data-secret="xyMC11sbh0"><a href="https://www.locansol.fr/ca/evenement/exposition-les-toutemps-et-lea-ducos/">EXPOSITION : LES TOUTEMPS ET LÉA DUCOS</a></blockquote><iframe sandbox="allow-scripts" security="restricted" src="https://www.locansol.fr/ca/evenement/exposition-les-toutemps-et-lea-ducos/embed/#?secret=xyMC11sbh0" width="600" height="338" title="&#8220;EXPOSITION : LES TOUTEMPS ET LÉA DUCOS&#8221; &#8212; Locansol, louer un hébergement dans les Pyrénées Orientales" data-secret="xyMC11sbh0" frameborder="0" marginwidth="0" marginheight="0" scrolling="no" class="wp-embedded-content"></iframe><script>
/*! This file is auto-generated */
!function(d,l){"use strict";l.querySelector&&d.addEventListener&&"undefined"!=typeof URL&&(d.wp=d.wp||{},d.wp.receiveEmbedMessage||(d.wp.receiveEmbedMessage=function(e){var t=e.data;if((t||t.secret||t.message||t.value)&&!/[^a-zA-Z0-9]/.test(t.secret)){for(var s,r,n,a=l.querySelectorAll('iframe[data-secret="'+t.secret+'"]'),o=l.querySelectorAll('blockquote[data-secret="'+t.secret+'"]'),c=new RegExp("^https?:$","i"),i=0;i<o.length;i++)o[i].style.display="none";for(i=0;i<a.length;i++)s=a[i],e.source===s.contentWindow&&(s.removeAttribute("style"),"height"===t.message?(1e3<(r=parseInt(t.value,10))?r=1e3:~~r<200&&(r=200),s.height=r):"link"===t.message&&(r=new URL(s.getAttribute("src")),n=new URL(t.value),c.test(n.protocol))&&n.host===r.host&&l.activeElement===s&&(d.top.location.href=t.value))}},d.addEventListener("message",d.wp.receiveEmbedMessage,!1),l.addEventListener("DOMContentLoaded",function(){for(var e,t,s=l.querySelectorAll("iframe.wp-embedded-content"),r=0;r<s.length;r++)(t=(e=s[r]).getAttribute("data-secret"))||(t=Math.random().toString(36).substring(2,12),e.src+="#?secret="+t,e.setAttribute("data-secret",t)),e.contentWindow.postMessage({message:"ready",secret:t},"*")},!1)))}(window,document);
//# sourceURL=https://www.locansol.fr/wp-includes/js/wp-embed.min.js
</script>

Du 22 janvier au 8 mars 2025, la Galerie des Hospices à Canet-en-Roussillon accueille une exposition collective intitulée « Les Toutemps et Léa Ducos ». Cette manifestation réunie deux artistes aux pratiques distinctes mais complémentaires. Benoît Szczurek et Bernadette Chaix, connus sous le nom d’Atelier Les Toutemps, se sont initiés respectivement à la sculpture sur pierre et à la création textile, avec une forte attache au dessin. Au fil des années, leur travail s’est élargi à des médiums variés : pierre, textile, céramique, et toile numérique. Leurs œuvres, souvent présentées sous forme d’installations graphiques, ont été exposées dans des lieux comme Arcas à Perpignan, Fragment à Toulouse, ou encore La Nef à Montpellier. Parallèlement, Léa Ducos, née à Perpignan en 1989, est diplômée en art mention Espaces de l’École Supérieure d’Art et Design de Saint-Étienne et de la Facultad de Belas Artes de l’Universidade do Porto, au Portugal. En 2020, elle a obtenu une bourse de recherche et une résidence internationale à Stuttgart, en Allemagne, en partenariat avec l’Institut français et la Kunststiftung Baden-Württemberg. Son travail s’inscrit dans une démarche poétique d’assemblage, utilisant des chutes de bois de menuiseries et d’encombrants pour créer des œuvres à la fois sensibles et réfléchies. Ses créations ont été présentées à Paris (Bastille Design Center, galerie du Crous, 91, Artist Run Space), à Saint-Étienne, Avignon, et à l’étranger, notamment à Stuttgart. L’exposition à Canet-en-Roussillon offre une rencontre entre deux univers : celui des installations narratives d’Atelier Les Toutemps et celui des assemblages matériels de Léa Ducos. L’entrée est libre. L’exposition est ouverte tous les jours, de 15h à 18h. Le lieu, situé au 12 Avenue de Perpignan, propose un cadre chaleureux propice à une immersion dans des univers artistiques riches et sensibles.
