{"version":"1.0","provider_name":"Locansol, rent accommodation in the Eastern Pyrenees, France","provider_url":"https:\/\/www.locansol.fr\/en","author_name":"H\u00e9bergements Locansol","author_url":"https:\/\/www.locansol.fr\/en\/author\/locansol\/","title":"BALADE CONT\u00c9E NOCTURNE","type":"rich","width":600,"height":338,"html":"<blockquote class=\"wp-embedded-content\" data-secret=\"ReOhgOmyG5\"><a href=\"https:\/\/www.locansol.fr\/en\/evenement\/balade-contee-nocturne\/\">BALADE CONT\u00c9E NOCTURNE<\/a><\/blockquote><iframe sandbox=\"allow-scripts\" security=\"restricted\" src=\"https:\/\/www.locansol.fr\/en\/evenement\/balade-contee-nocturne\/embed\/#?secret=ReOhgOmyG5\" width=\"600\" height=\"338\" title=\"&#8220;BALADE CONT\u00c9E NOCTURNE&#8221; &#8212; Locansol, louer un h\u00e9bergement dans les Pyr\u00e9n\u00e9es Orientales\" data-secret=\"ReOhgOmyG5\" frameborder=\"0\" marginwidth=\"0\" marginheight=\"0\" scrolling=\"no\" class=\"wp-embedded-content\"><\/iframe><script>\n\/*! This file is auto-generated *\/\n!function(d,l){\"use strict\";l.querySelector&&d.addEventListener&&\"undefined\"!=typeof URL&&(d.wp=d.wp||{},d.wp.receiveEmbedMessage||(d.wp.receiveEmbedMessage=function(e){var t=e.data;if((t||t.secret||t.message||t.value)&&!\/[^a-zA-Z0-9]\/.test(t.secret)){for(var s,r,n,a=l.querySelectorAll('iframe[data-secret=\"'+t.secret+'\"]'),o=l.querySelectorAll('blockquote[data-secret=\"'+t.secret+'\"]'),c=new RegExp(\"^https?:$\",\"i\"),i=0;i<o.length;i++)o[i].style.display=\"none\";for(i=0;i<a.length;i++)s=a[i],e.source===s.contentWindow&&(s.removeAttribute(\"style\"),\"height\"===t.message?(1e3<(r=parseInt(t.value,10))?r=1e3:~~r<200&&(r=200),s.height=r):\"link\"===t.message&&(r=new URL(s.getAttribute(\"src\")),n=new URL(t.value),c.test(n.protocol))&&n.host===r.host&&l.activeElement===s&&(d.top.location.href=t.value))}},d.addEventListener(\"message\",d.wp.receiveEmbedMessage,!1),l.addEventListener(\"DOMContentLoaded\",function(){for(var e,t,s=l.querySelectorAll(\"iframe.wp-embedded-content\"),r=0;r<s.length;r++)(t=(e=s[r]).getAttribute(\"data-secret\"))||(t=Math.random().toString(36).substring(2,12),e.src+=\"#?secret=\"+t,e.setAttribute(\"data-secret\",t)),e.contentWindow.postMessage({message:\"ready\",secret:t},\"*\")},!1)))}(window,document);\n\/\/# sourceURL=https:\/\/www.locansol.fr\/wp-includes\/js\/wp-embed.min.js\n<\/script>","thumbnail_url":"https:\/\/www.locansol.fr\/wp-content\/uploads\/2026\/02\/balade-contee-nocturne-formigeres.webp","thumbnail_width":1241,"thumbnail_height":1755,"description":"La balade cont\u00e9e nocturne \u00e0 Formigu\u00e8res propose une sortie de deux heures dans le cadre naturel et historique du village, situ\u00e9 dans les Pyr\u00e9n\u00e9es-Orientales. L\u2019\u00e9v\u00e9nement se d\u00e9roule \u00e0 17h30, \u00e0 partir de la Place de l'\u00c9glise, sur plusieurs dates en f\u00e9vrier, notamment le mardi 17 et le lundi 23 f\u00e9vrier. Anim\u00e9e par un guide dipl\u00f4m\u00e9, la balade m\u00eale marche douce et narration, en s\u2019inspirant des traditions orales locales. Les contes et l\u00e9gendes racont\u00e9s \u00e9voquent l\u2019histoire riche du Capcir, r\u00e9gion montagneuse connue pour ses r\u00e9cits anciens, ses sites embl\u00e9matiques comme le Roc de la Por, et ses traditions culturelles catalanes. L\u2019ambiance est feutr\u00e9e et intimiste, renforc\u00e9e par la lumi\u00e8re tamis\u00e9e de la nuit et le silence de la montagne. Une boisson chaude est offerte \u00e0 la fin de la balade pour se r\u00e9chauffer. L\u2019activit\u00e9 convient \u00e0 tous les publics, y compris les familles, et s\u2019inscrit dans un cadre de d\u00e9couverte du patrimoine naturel et culturel de la r\u00e9gion. Elle s\u2019adresse \u00e0 ceux qui souhaitent allier loisirs, d\u00e9tente et immersion dans l\u2019identit\u00e9 locale, en pleine nature. L\u2019acc\u00e8s est libre et les inscriptions ne sont pas obligatoires. L\u2019\u00e9v\u00e9nement est organis\u00e9 par la mairie de Formigu\u00e8res en partenariat avec les offices de tourisme du territoire."}

Hébergements Locansol

BALADE CONTÉE NOCTURNE

<blockquote class="wp-embedded-content" data-secret="ReOhgOmyG5"><a href="https://www.locansol.fr/en/evenement/balade-contee-nocturne/">BALADE CONTÉE NOCTURNE</a></blockquote><iframe sandbox="allow-scripts" security="restricted" src="https://www.locansol.fr/en/evenement/balade-contee-nocturne/embed/#?secret=ReOhgOmyG5" width="600" height="338" title="&#8220;BALADE CONTÉE NOCTURNE&#8221; &#8212; Locansol, louer un hébergement dans les Pyrénées Orientales" data-secret="ReOhgOmyG5" frameborder="0" marginwidth="0" marginheight="0" scrolling="no" class="wp-embedded-content"></iframe><script>
/*! This file is auto-generated */
!function(d,l){"use strict";l.querySelector&&d.addEventListener&&"undefined"!=typeof URL&&(d.wp=d.wp||{},d.wp.receiveEmbedMessage||(d.wp.receiveEmbedMessage=function(e){var t=e.data;if((t||t.secret||t.message||t.value)&&!/[^a-zA-Z0-9]/.test(t.secret)){for(var s,r,n,a=l.querySelectorAll('iframe[data-secret="'+t.secret+'"]'),o=l.querySelectorAll('blockquote[data-secret="'+t.secret+'"]'),c=new RegExp("^https?:$","i"),i=0;i<o.length;i++)o[i].style.display="none";for(i=0;i<a.length;i++)s=a[i],e.source===s.contentWindow&&(s.removeAttribute("style"),"height"===t.message?(1e3<(r=parseInt(t.value,10))?r=1e3:~~r<200&&(r=200),s.height=r):"link"===t.message&&(r=new URL(s.getAttribute("src")),n=new URL(t.value),c.test(n.protocol))&&n.host===r.host&&l.activeElement===s&&(d.top.location.href=t.value))}},d.addEventListener("message",d.wp.receiveEmbedMessage,!1),l.addEventListener("DOMContentLoaded",function(){for(var e,t,s=l.querySelectorAll("iframe.wp-embedded-content"),r=0;r<s.length;r++)(t=(e=s[r]).getAttribute("data-secret"))||(t=Math.random().toString(36).substring(2,12),e.src+="#?secret="+t,e.setAttribute("data-secret",t)),e.contentWindow.postMessage({message:"ready",secret:t},"*")},!1)))}(window,document);
//# sourceURL=https://www.locansol.fr/wp-includes/js/wp-embed.min.js
</script>

La balade contée nocturne à Formiguères propose une sortie de deux heures dans le cadre naturel et historique du village, situé dans les Pyrénées-Orientales. L’événement se déroule à 17h30, à partir de la Place de l'Église, sur plusieurs dates en février, notamment le mardi 17 et le lundi 23 février. Animée par un guide diplômé, la balade mêle marche douce et narration, en s’inspirant des traditions orales locales. Les contes et légendes racontés évoquent l’histoire riche du Capcir, région montagneuse connue pour ses récits anciens, ses sites emblématiques comme le Roc de la Por, et ses traditions culturelles catalanes. L’ambiance est feutrée et intimiste, renforcée par la lumière tamisée de la nuit et le silence de la montagne. Une boisson chaude est offerte à la fin de la balade pour se réchauffer. L’activité convient à tous les publics, y compris les familles, et s’inscrit dans un cadre de découverte du patrimoine naturel et culturel de la région. Elle s’adresse à ceux qui souhaitent allier loisirs, détente et immersion dans l’identité locale, en pleine nature. L’accès est libre et les inscriptions ne sont pas obligatoires. L’événement est organisé par la mairie de Formiguères en partenariat avec les offices de tourisme du territoire.
