{"version":"1.0","provider_name":"Locansol, rent accommodation in the Eastern Pyrenees, France","provider_url":"https:\/\/www.locansol.fr\/en","author_name":"H\u00e9bergements Locansol","author_url":"https:\/\/www.locansol.fr\/en\/author\/locansol\/","title":"EXPOSITION DE PEINTURES &amp; ARTS DIVERS RIVES'ARTS","type":"rich","width":600,"height":338,"html":"<blockquote class=\"wp-embedded-content\" data-secret=\"OVaD9hghTL\"><a href=\"https:\/\/www.locansol.fr\/en\/evenement\/exposition-de-peintures-arts-divers-rivesarts\/\">EXPOSITION DE PEINTURES &amp; ARTS DIVERS RIVES&rsquo;ARTS<\/a><\/blockquote><iframe sandbox=\"allow-scripts\" security=\"restricted\" src=\"https:\/\/www.locansol.fr\/en\/evenement\/exposition-de-peintures-arts-divers-rivesarts\/embed\/#?secret=OVaD9hghTL\" width=\"600\" height=\"338\" title=\"&#8220;EXPOSITION DE PEINTURES &amp; ARTS DIVERS RIVES&rsquo;ARTS&#8221; &#8212; Locansol, louer un h\u00e9bergement dans les Pyr\u00e9n\u00e9es Orientales\" data-secret=\"OVaD9hghTL\" frameborder=\"0\" marginwidth=\"0\" marginheight=\"0\" scrolling=\"no\" class=\"wp-embedded-content\"><\/iframe><script>\n\/*! This file is auto-generated *\/\n!function(d,l){\"use strict\";l.querySelector&&d.addEventListener&&\"undefined\"!=typeof URL&&(d.wp=d.wp||{},d.wp.receiveEmbedMessage||(d.wp.receiveEmbedMessage=function(e){var t=e.data;if((t||t.secret||t.message||t.value)&&!\/[^a-zA-Z0-9]\/.test(t.secret)){for(var s,r,n,a=l.querySelectorAll('iframe[data-secret=\"'+t.secret+'\"]'),o=l.querySelectorAll('blockquote[data-secret=\"'+t.secret+'\"]'),c=new RegExp(\"^https?:$\",\"i\"),i=0;i<o.length;i++)o[i].style.display=\"none\";for(i=0;i<a.length;i++)s=a[i],e.source===s.contentWindow&&(s.removeAttribute(\"style\"),\"height\"===t.message?(1e3<(r=parseInt(t.value,10))?r=1e3:~~r<200&&(r=200),s.height=r):\"link\"===t.message&&(r=new URL(s.getAttribute(\"src\")),n=new URL(t.value),c.test(n.protocol))&&n.host===r.host&&l.activeElement===s&&(d.top.location.href=t.value))}},d.addEventListener(\"message\",d.wp.receiveEmbedMessage,!1),l.addEventListener(\"DOMContentLoaded\",function(){for(var e,t,s=l.querySelectorAll(\"iframe.wp-embedded-content\"),r=0;r<s.length;r++)(t=(e=s[r]).getAttribute(\"data-secret\"))||(t=Math.random().toString(36).substring(2,12),e.src+=\"#?secret=\"+t,e.setAttribute(\"data-secret\",t)),e.contentWindow.postMessage({message:\"ready\",secret:t},\"*\")},!1)))}(window,document);\n\/\/# sourceURL=https:\/\/www.locansol.fr\/wp-includes\/js\/wp-embed.min.js\n<\/script>","thumbnail_url":"https:\/\/www.locansol.fr\/wp-content\/uploads\/2026\/02\/exposition-art-local-gratuit-baixas.webp","thumbnail_width":515,"thumbnail_height":729,"description":"Du vendredi 6 au dimanche 15 f\u00e9vrier 2026, l'association Rives'Arts accueille le public \u00e0 l'Espace Jordi du Ch\u00e2teau les Pins \u00e0 Baixas. Cette premi\u00e8re exposition de l'ann\u00e9e r\u00e9unit pr\u00e8s de 30 artistes issus de diverses disciplines, dont la peinture, la sculpture, le travail du bois, le vitrail et la cr\u00e9ation de bijoux. L'association, fond\u00e9e en avril 2024, propose une immersion dans la cr\u00e9ation locale, mettant en lumi\u00e8re des talents multiples et une diversit\u00e9 d'approches artistiques. L'exposition est ouverte tous les jours de 15h \u00e0 18h30, avec un vernissage le 6 f\u00e9vrier \u00e0 18h30, au cours duquel les artistes seront pr\u00e9sents. Le lieu, le Ch\u00e2teau les Pins, est une b\u00e2tisse typiquement catalane du XIXe si\u00e8cle, construite par la famille Duverney et acquise par la municipalit\u00e9 en 1990. Son architecture en pierre et briques rouges, ainsi que son cadre verdoyant, offrent un cadre prestigieux \u00e0 cette manifestation culturelle. L'\u00e9v\u00e9nement est gratuit et ouvert \u00e0 tous. \u00c0 partir du 9 f\u00e9vrier, des ateliers p\u00e9dagogiques de dessin sont organis\u00e9s pour des classes d'\u00e9coles de Baixas, renfor\u00e7ant l'aspect participatif et \u00e9ducatif de l'exposition. Ce moment d\u00e9di\u00e9 \u00e0 l'art contemporain s'inscrit dans une dynamique locale de valorisation des cr\u00e9ateurs et de diffusion culturelle."}

Hébergements Locansol

<blockquote class="wp-embedded-content" data-secret="OVaD9hghTL"><a href="https://www.locansol.fr/en/evenement/exposition-de-peintures-arts-divers-rivesarts/">EXPOSITION DE PEINTURES &amp; ARTS DIVERS RIVES&rsquo;ARTS</a></blockquote><iframe sandbox="allow-scripts" security="restricted" src="https://www.locansol.fr/en/evenement/exposition-de-peintures-arts-divers-rivesarts/embed/#?secret=OVaD9hghTL" width="600" height="338" title="&#8220;EXPOSITION DE PEINTURES &amp; ARTS DIVERS RIVES&rsquo;ARTS&#8221; &#8212; Locansol, louer un hébergement dans les Pyrénées Orientales" data-secret="OVaD9hghTL" frameborder="0" marginwidth="0" marginheight="0" scrolling="no" class="wp-embedded-content"></iframe><script>
/*! This file is auto-generated */
!function(d,l){"use strict";l.querySelector&&d.addEventListener&&"undefined"!=typeof URL&&(d.wp=d.wp||{},d.wp.receiveEmbedMessage||(d.wp.receiveEmbedMessage=function(e){var t=e.data;if((t||t.secret||t.message||t.value)&&!/[^a-zA-Z0-9]/.test(t.secret)){for(var s,r,n,a=l.querySelectorAll('iframe[data-secret="'+t.secret+'"]'),o=l.querySelectorAll('blockquote[data-secret="'+t.secret+'"]'),c=new RegExp("^https?:$","i"),i=0;i<o.length;i++)o[i].style.display="none";for(i=0;i<a.length;i++)s=a[i],e.source===s.contentWindow&&(s.removeAttribute("style"),"height"===t.message?(1e3<(r=parseInt(t.value,10))?r=1e3:~~r<200&&(r=200),s.height=r):"link"===t.message&&(r=new URL(s.getAttribute("src")),n=new URL(t.value),c.test(n.protocol))&&n.host===r.host&&l.activeElement===s&&(d.top.location.href=t.value))}},d.addEventListener("message",d.wp.receiveEmbedMessage,!1),l.addEventListener("DOMContentLoaded",function(){for(var e,t,s=l.querySelectorAll("iframe.wp-embedded-content"),r=0;r<s.length;r++)(t=(e=s[r]).getAttribute("data-secret"))||(t=Math.random().toString(36).substring(2,12),e.src+="#?secret="+t,e.setAttribute("data-secret",t)),e.contentWindow.postMessage({message:"ready",secret:t},"*")},!1)))}(window,document);
//# sourceURL=https://www.locansol.fr/wp-includes/js/wp-embed.min.js
</script>

Du vendredi 6 au dimanche 15 février 2026, l'association Rives'Arts accueille le public à l'Espace Jordi du Château les Pins à Baixas. Cette première exposition de l'année réunit près de 30 artistes issus de diverses disciplines, dont la peinture, la sculpture, le travail du bois, le vitrail et la création de bijoux. L'association, fondée en avril 2024, propose une immersion dans la création locale, mettant en lumière des talents multiples et une diversité d'approches artistiques. L'exposition est ouverte tous les jours de 15h à 18h30, avec un vernissage le 6 février à 18h30, au cours duquel les artistes seront présents. Le lieu, le Château les Pins, est une bâtisse typiquement catalane du XIXe siècle, construite par la famille Duverney et acquise par la municipalité en 1990. Son architecture en pierre et briques rouges, ainsi que son cadre verdoyant, offrent un cadre prestigieux à cette manifestation culturelle. L'événement est gratuit et ouvert à tous. À partir du 9 février, des ateliers pédagogiques de dessin sont organisés pour des classes d'écoles de Baixas, renforçant l'aspect participatif et éducatif de l'exposition. Ce moment dédié à l'art contemporain s'inscrit dans une dynamique locale de valorisation des créateurs et de diffusion culturelle.
