{"version":"1.0","provider_name":"Locansol, rent accommodation in the Eastern Pyrenees, France","provider_url":"https:\/\/www.locansol.fr\/en","author_name":"H\u00e9bergements Locansol","author_url":"https:\/\/www.locansol.fr\/en\/author\/locansol\/","title":"POUR LE MEILLEUR ET POUR LE PIRE","type":"rich","width":600,"height":338,"html":"<blockquote class=\"wp-embedded-content\" data-secret=\"oFoey6UIAe\"><a href=\"https:\/\/www.locansol.fr\/en\/evenement\/pour-le-meilleur-et-pour-le-pire\/\">POUR LE MEILLEUR ET POUR LE PIRE<\/a><\/blockquote><iframe sandbox=\"allow-scripts\" security=\"restricted\" src=\"https:\/\/www.locansol.fr\/en\/evenement\/pour-le-meilleur-et-pour-le-pire\/embed\/#?secret=oFoey6UIAe\" width=\"600\" height=\"338\" title=\"&#8220;POUR LE MEILLEUR ET POUR LE PIRE&#8221; &#8212; Locansol, louer un h\u00e9bergement dans les Pyr\u00e9n\u00e9es Orientales\" data-secret=\"oFoey6UIAe\" frameborder=\"0\" marginwidth=\"0\" marginheight=\"0\" scrolling=\"no\" class=\"wp-embedded-content\"><\/iframe><script>\n\/*! This file is auto-generated *\/\n!function(d,l){\"use strict\";l.querySelector&&d.addEventListener&&\"undefined\"!=typeof URL&&(d.wp=d.wp||{},d.wp.receiveEmbedMessage||(d.wp.receiveEmbedMessage=function(e){var t=e.data;if((t||t.secret||t.message||t.value)&&!\/[^a-zA-Z0-9]\/.test(t.secret)){for(var s,r,n,a=l.querySelectorAll('iframe[data-secret=\"'+t.secret+'\"]'),o=l.querySelectorAll('blockquote[data-secret=\"'+t.secret+'\"]'),c=new RegExp(\"^https?:$\",\"i\"),i=0;i<o.length;i++)o[i].style.display=\"none\";for(i=0;i<a.length;i++)s=a[i],e.source===s.contentWindow&&(s.removeAttribute(\"style\"),\"height\"===t.message?(1e3<(r=parseInt(t.value,10))?r=1e3:~~r<200&&(r=200),s.height=r):\"link\"===t.message&&(r=new URL(s.getAttribute(\"src\")),n=new URL(t.value),c.test(n.protocol))&&n.host===r.host&&l.activeElement===s&&(d.top.location.href=t.value))}},d.addEventListener(\"message\",d.wp.receiveEmbedMessage,!1),l.addEventListener(\"DOMContentLoaded\",function(){for(var e,t,s=l.querySelectorAll(\"iframe.wp-embedded-content\"),r=0;r<s.length;r++)(t=(e=s[r]).getAttribute(\"data-secret\"))||(t=Math.random().toString(36).substring(2,12),e.src+=\"#?secret=\"+t,e.setAttribute(\"data-secret\",t)),e.contentWindow.postMessage({message:\"ready\",secret:t},\"*\")},!1)))}(window,document);\n\/\/# sourceURL=https:\/\/www.locansol.fr\/wp-includes\/js\/wp-embed.min.js\n<\/script>","thumbnail_url":"https:\/\/www.locansol.fr\/wp-content\/uploads\/2026\/02\/cirque-aital-perpignan-spectacle.webp","thumbnail_width":1024,"thumbnail_height":512,"description":"Le Cirque A\u00eftal, duo franco-finlandais fond\u00e9 par Victor Cathala et Kati Pikkarainen, revient \u00e0 Perpignan avec son spectacle \u00ab Pour le meilleur et pour le pire \u00bb, pr\u00e9sent\u00e9 les 14 et 15 f\u00e9vrier 2026 au Th\u00e9\u00e2tre de l'Archipel, \u00e9galement connu sous le nom de \u00ab Le Grenat \u00bb. Cette cr\u00e9ation, d\u00e9j\u00e0 salu\u00e9e en 2024 dans une version \u00e0 ciel ouvert, marque un retour sur la grande sc\u00e8ne du lieu, en abandonnant le chapiteau pour une mise en sc\u00e8ne plus intimiste et th\u00e9\u00e2trale. Le spectacle s'inscrit dans un r\u00e9cit po\u00e9tique et humoristique, racontant l'histoire d'un couple d'acrobates \u00e0 travers les \u00e9motions du quotidien, des passions partag\u00e9es, des disputes et des r\u00eaves. Port\u00e9 par un rythme de rock\u2019n\u2019roll et un jeu d\u2019improvisation au ton spontan\u00e9, il m\u00eale num\u00e9ros de main \u00e0 main, figures acrobatiques sur perche, domptage, et m\u00eame une partie de badminton, tous interpr\u00e9t\u00e9s avec une virtuosit\u00e9 remarquable. Les deux artistes transforment leur vie de cirque en une v\u00e9ritable m\u00e9taphore sur l'amour, l'engagement et les compromis. Le spectacle, \u00e0 la fois dr\u00f4le et \u00e9mouvant, s\u2019adresse \u00e0 un public de tous \u00e2ges \u00e0 partir de 6 ans. Les tarifs varient de 10 \u00e0 26 euros selon les places et les jours. Une rencontre sensible entre art du cirque et narration intime, \u00e0 d\u00e9couvrir dans un lieu embl\u00e9matique de la sc\u00e8ne culturelle du sud de la France."}

Hébergements Locansol

<blockquote class="wp-embedded-content" data-secret="oFoey6UIAe"><a href="https://www.locansol.fr/en/evenement/pour-le-meilleur-et-pour-le-pire/">POUR LE MEILLEUR ET POUR LE PIRE</a></blockquote><iframe sandbox="allow-scripts" security="restricted" src="https://www.locansol.fr/en/evenement/pour-le-meilleur-et-pour-le-pire/embed/#?secret=oFoey6UIAe" width="600" height="338" title="&#8220;POUR LE MEILLEUR ET POUR LE PIRE&#8221; &#8212; Locansol, louer un hébergement dans les Pyrénées Orientales" data-secret="oFoey6UIAe" frameborder="0" marginwidth="0" marginheight="0" scrolling="no" class="wp-embedded-content"></iframe><script>
/*! This file is auto-generated */
!function(d,l){"use strict";l.querySelector&&d.addEventListener&&"undefined"!=typeof URL&&(d.wp=d.wp||{},d.wp.receiveEmbedMessage||(d.wp.receiveEmbedMessage=function(e){var t=e.data;if((t||t.secret||t.message||t.value)&&!/[^a-zA-Z0-9]/.test(t.secret)){for(var s,r,n,a=l.querySelectorAll('iframe[data-secret="'+t.secret+'"]'),o=l.querySelectorAll('blockquote[data-secret="'+t.secret+'"]'),c=new RegExp("^https?:$","i"),i=0;i<o.length;i++)o[i].style.display="none";for(i=0;i<a.length;i++)s=a[i],e.source===s.contentWindow&&(s.removeAttribute("style"),"height"===t.message?(1e3<(r=parseInt(t.value,10))?r=1e3:~~r<200&&(r=200),s.height=r):"link"===t.message&&(r=new URL(s.getAttribute("src")),n=new URL(t.value),c.test(n.protocol))&&n.host===r.host&&l.activeElement===s&&(d.top.location.href=t.value))}},d.addEventListener("message",d.wp.receiveEmbedMessage,!1),l.addEventListener("DOMContentLoaded",function(){for(var e,t,s=l.querySelectorAll("iframe.wp-embedded-content"),r=0;r<s.length;r++)(t=(e=s[r]).getAttribute("data-secret"))||(t=Math.random().toString(36).substring(2,12),e.src+="#?secret="+t,e.setAttribute("data-secret",t)),e.contentWindow.postMessage({message:"ready",secret:t},"*")},!1)))}(window,document);
//# sourceURL=https://www.locansol.fr/wp-includes/js/wp-embed.min.js
</script>

Le Cirque Aïtal, duo franco-finlandais fondé par Victor Cathala et Kati Pikkarainen, revient à Perpignan avec son spectacle « Pour le meilleur et pour le pire », présenté les 14 et 15 février 2026 au Théâtre de l'Archipel, également connu sous le nom de « Le Grenat ». Cette création, déjà saluée en 2024 dans une version à ciel ouvert, marque un retour sur la grande scène du lieu, en abandonnant le chapiteau pour une mise en scène plus intimiste et théâtrale. Le spectacle s'inscrit dans un récit poétique et humoristique, racontant l'histoire d'un couple d'acrobates à travers les émotions du quotidien, des passions partagées, des disputes et des rêves. Porté par un rythme de rock’n’roll et un jeu d’improvisation au ton spontané, il mêle numéros de main à main, figures acrobatiques sur perche, domptage, et même une partie de badminton, tous interprétés avec une virtuosité remarquable. Les deux artistes transforment leur vie de cirque en une véritable métaphore sur l'amour, l'engagement et les compromis. Le spectacle, à la fois drôle et émouvant, s’adresse à un public de tous âges à partir de 6 ans. Les tarifs varient de 10 à 26 euros selon les places et les jours. Une rencontre sensible entre art du cirque et narration intime, à découvrir dans un lieu emblématique de la scène culturelle du sud de la France.
