{"version":"1.0","provider_name":"Locansol, rent accommodation in the Eastern Pyrenees, France","provider_url":"https:\/\/www.locansol.fr\/en","author_name":"H\u00e9bergements Locansol","author_url":"https:\/\/www.locansol.fr\/en\/author\/locansol\/","title":"R\u00c9CITAL DE CHANTS SACR\u00c9S ET D'EXTRAITS D'OP\u00c9RAS","type":"rich","width":600,"height":338,"html":"<blockquote class=\"wp-embedded-content\" data-secret=\"Nfg7qYmD6u\"><a href=\"https:\/\/www.locansol.fr\/en\/evenement\/recital-de-chants-sacres-et-dextraits-doperas\/\">R\u00c9CITAL DE CHANTS SACR\u00c9S ET D&rsquo;EXTRAITS D&rsquo;OP\u00c9RAS<\/a><\/blockquote><iframe sandbox=\"allow-scripts\" security=\"restricted\" src=\"https:\/\/www.locansol.fr\/en\/evenement\/recital-de-chants-sacres-et-dextraits-doperas\/embed\/#?secret=Nfg7qYmD6u\" width=\"600\" height=\"338\" title=\"&#8220;R\u00c9CITAL DE CHANTS SACR\u00c9S ET D&rsquo;EXTRAITS D&rsquo;OP\u00c9RAS&#8221; &#8212; Locansol, louer un h\u00e9bergement dans les Pyr\u00e9n\u00e9es Orientales\" data-secret=\"Nfg7qYmD6u\" frameborder=\"0\" marginwidth=\"0\" marginheight=\"0\" scrolling=\"no\" class=\"wp-embedded-content\"><\/iframe><script>\n\/*! This file is auto-generated *\/\n!function(d,l){\"use strict\";l.querySelector&&d.addEventListener&&\"undefined\"!=typeof URL&&(d.wp=d.wp||{},d.wp.receiveEmbedMessage||(d.wp.receiveEmbedMessage=function(e){var t=e.data;if((t||t.secret||t.message||t.value)&&!\/[^a-zA-Z0-9]\/.test(t.secret)){for(var s,r,n,a=l.querySelectorAll('iframe[data-secret=\"'+t.secret+'\"]'),o=l.querySelectorAll('blockquote[data-secret=\"'+t.secret+'\"]'),c=new RegExp(\"^https?:$\",\"i\"),i=0;i<o.length;i++)o[i].style.display=\"none\";for(i=0;i<a.length;i++)s=a[i],e.source===s.contentWindow&&(s.removeAttribute(\"style\"),\"height\"===t.message?(1e3<(r=parseInt(t.value,10))?r=1e3:~~r<200&&(r=200),s.height=r):\"link\"===t.message&&(r=new URL(s.getAttribute(\"src\")),n=new URL(t.value),c.test(n.protocol))&&n.host===r.host&&l.activeElement===s&&(d.top.location.href=t.value))}},d.addEventListener(\"message\",d.wp.receiveEmbedMessage,!1),l.addEventListener(\"DOMContentLoaded\",function(){for(var e,t,s=l.querySelectorAll(\"iframe.wp-embedded-content\"),r=0;r<s.length;r++)(t=(e=s[r]).getAttribute(\"data-secret\"))||(t=Math.random().toString(36).substring(2,12),e.src+=\"#?secret=\"+t,e.setAttribute(\"data-secret\",t)),e.contentWindow.postMessage({message:\"ready\",secret:t},\"*\")},!1)))}(window,document);\n\/\/# sourceURL=https:\/\/www.locansol.fr\/wp-includes\/js\/wp-embed.min.js\n<\/script>","thumbnail_url":"https:\/\/www.locansol.fr\/wp-content\/uploads\/2026\/04\/recital-sacre-amelie-les-bains.webp","thumbnail_width":1920,"thumbnail_height":1440,"description":"Le mardi 21 avril \u00e0 16h00, la troupe Chants de Si de La d\u2019Am\u00e9lie-les-Bains vous propose un r\u00e9cital de chants sacr\u00e9s et d\u2019extraits d\u2019op\u00e9ras \u00e0 la salle situ\u00e9e Rue des Thermes. Ce rendez-vous musical mettra en lumi\u00e8re un programme riche et vari\u00e9, avec des \u0153uvres d\u2019Haendel, Saint-Sa\u00ebns, C\u00e9sar Franck, Caccini, Pergol\u00e8se, et bien d\u2019autres. Les amateurs d\u2019op\u00e9ra pourront \u00e9galement savourer des extraits c\u00e9l\u00e8bres de Rom\u00e9o et Juliette, Les P\u00eacheurs de perles, Eug\u00e8ne On\u00e9guine, et bien d\u2019autres encore. Le r\u00e9cital se conclura par des gospels, ajoutant une touche spirituelle et dynamique \u00e0 l\u2019ensemble.Le concert sera interpr\u00e9t\u00e9 par des artistes de talent : Gis\u00e9le Xerri (soprano l\u00e9ger), H\u00e9l\u00e8ne Daviaud (soprano dramatique), et Lambert Barth\u00e9s (t\u00e9nor). Ils seront accompagn\u00e9s au piano par Fran\u00e7ois-Michel Rignol, un pianiste de renomm\u00e9e nationale. Fran\u00e7ois-Michel Rignol, apr\u00e8s de brillantes \u00e9tudes en math\u00e9matiques, a d\u00e9cid\u00e9 de se consacrer \u00e0 la musique. Il partage son temps entre l'enseignement au Conservatoire National de R\u00e9gion de Perpignan et ses concerts \u00e0 travers le monde (France, Br\u00e9sil, Espagne, Japon, Finlande, Italie, Allemagne\u2026).Ce r\u00e9cital est une excellente occasion de d\u00e9couvrir ou red\u00e9couvrir des \u0153uvres majeures du r\u00e9pertoire classique, interpr\u00e9t\u00e9es avec une grande ma\u00eetrise vocale et instrumentale. La diversit\u00e9 des pi\u00e8ces propos\u00e9es permet de voyager \u00e0 travers diff\u00e9rentes \u00e9poques et styles musicaux, offrant ainsi une exp\u00e9rience enrichissante pour les m\u00e9lomanes comme pour les n\u00e9ophytes. Le cadre intimiste de la salle et l\u2019acoustique de qualit\u00e9 contribueront \u00e0 cr\u00e9er une ambiance propice \u00e0 l\u2019\u00e9coute et \u00e0 l\u2019\u00e9motion.L\u2019entr\u00e9e est \u00e0 10 euros, gratuite pour les enfants jusqu\u2019\u00e0 14 ans. Le programme sera disponible \u00e0 l\u2019achat pour 1 euro, et les b\u00e9n\u00e9fices seront revers\u00e9s \u00e0 la paroisse locale. Ne manquez pas cette belle fin d\u2019apr\u00e8s-midi musicale en compagnie de la troupe Chants de Si de La, une association qui anime la vie culturelle d\u2019Am\u00e9lie-les-Bains depuis 29 ans."}

Hébergements Locansol

RÉCITAL DE CHANTS SACRÉS ET D'EXTRAITS D'OPÉRAS

<blockquote class="wp-embedded-content" data-secret="Nfg7qYmD6u"><a href="https://www.locansol.fr/en/evenement/recital-de-chants-sacres-et-dextraits-doperas/">RÉCITAL DE CHANTS SACRÉS ET D&rsquo;EXTRAITS D&rsquo;OPÉRAS</a></blockquote><iframe sandbox="allow-scripts" security="restricted" src="https://www.locansol.fr/en/evenement/recital-de-chants-sacres-et-dextraits-doperas/embed/#?secret=Nfg7qYmD6u" width="600" height="338" title="&#8220;RÉCITAL DE CHANTS SACRÉS ET D&rsquo;EXTRAITS D&rsquo;OPÉRAS&#8221; &#8212; Locansol, louer un hébergement dans les Pyrénées Orientales" data-secret="Nfg7qYmD6u" frameborder="0" marginwidth="0" marginheight="0" scrolling="no" class="wp-embedded-content"></iframe><script>
/*! This file is auto-generated */
!function(d,l){"use strict";l.querySelector&&d.addEventListener&&"undefined"!=typeof URL&&(d.wp=d.wp||{},d.wp.receiveEmbedMessage||(d.wp.receiveEmbedMessage=function(e){var t=e.data;if((t||t.secret||t.message||t.value)&&!/[^a-zA-Z0-9]/.test(t.secret)){for(var s,r,n,a=l.querySelectorAll('iframe[data-secret="'+t.secret+'"]'),o=l.querySelectorAll('blockquote[data-secret="'+t.secret+'"]'),c=new RegExp("^https?:$","i"),i=0;i<o.length;i++)o[i].style.display="none";for(i=0;i<a.length;i++)s=a[i],e.source===s.contentWindow&&(s.removeAttribute("style"),"height"===t.message?(1e3<(r=parseInt(t.value,10))?r=1e3:~~r<200&&(r=200),s.height=r):"link"===t.message&&(r=new URL(s.getAttribute("src")),n=new URL(t.value),c.test(n.protocol))&&n.host===r.host&&l.activeElement===s&&(d.top.location.href=t.value))}},d.addEventListener("message",d.wp.receiveEmbedMessage,!1),l.addEventListener("DOMContentLoaded",function(){for(var e,t,s=l.querySelectorAll("iframe.wp-embedded-content"),r=0;r<s.length;r++)(t=(e=s[r]).getAttribute("data-secret"))||(t=Math.random().toString(36).substring(2,12),e.src+="#?secret="+t,e.setAttribute("data-secret",t)),e.contentWindow.postMessage({message:"ready",secret:t},"*")},!1)))}(window,document);
//# sourceURL=https://www.locansol.fr/wp-includes/js/wp-embed.min.js
</script>

Le mardi 21 avril à 16h00, la troupe Chants de Si de La d’Amélie-les-Bains vous propose un récital de chants sacrés et d’extraits d’opéras à la salle située Rue des Thermes. Ce rendez-vous musical mettra en lumière un programme riche et varié, avec des œuvres d’Haendel, Saint-Saëns, César Franck, Caccini, Pergolèse, et bien d’autres. Les amateurs d’opéra pourront également savourer des extraits célèbres de Roméo et Juliette, Les Pêcheurs de perles, Eugène Onéguine, et bien d’autres encore. Le récital se conclura par des gospels, ajoutant une touche spirituelle et dynamique à l’ensemble.Le concert sera interprété par des artistes de talent : Giséle Xerri (soprano léger), Hélène Daviaud (soprano dramatique), et Lambert Barthés (ténor). Ils seront accompagnés au piano par François-Michel Rignol, un pianiste de renommée nationale. François-Michel Rignol, après de brillantes études en mathématiques, a décidé de se consacrer à la musique. Il partage son temps entre l'enseignement au Conservatoire National de Région de Perpignan et ses concerts à travers le monde (France, Brésil, Espagne, Japon, Finlande, Italie, Allemagne…).Ce récital est une excellente occasion de découvrir ou redécouvrir des œuvres majeures du répertoire classique, interprétées avec une grande maîtrise vocale et instrumentale. La diversité des pièces proposées permet de voyager à travers différentes époques et styles musicaux, offrant ainsi une expérience enrichissante pour les mélomanes comme pour les néophytes. Le cadre intimiste de la salle et l’acoustique de qualité contribueront à créer une ambiance propice à l’écoute et à l’émotion.L’entrée est à 10 euros, gratuite pour les enfants jusqu’à 14 ans. Le programme sera disponible à l’achat pour 1 euro, et les bénéfices seront reversés à la paroisse locale. Ne manquez pas cette belle fin d’après-midi musicale en compagnie de la troupe Chants de Si de La, une association qui anime la vie culturelle d’Amélie-les-Bains depuis 29 ans.
