{"version":"1.0","provider_name":"Locansol, rent accommodation in the Eastern Pyrenees, France","provider_url":"https:\/\/www.locansol.fr\/en","author_name":"H\u00e9bergements Locansol","author_url":"https:\/\/www.locansol.fr\/en\/author\/locansol\/","title":"SOIREE LITTERAIRE \u00ab PLANTES SAUVAGES DANS LA TRADITION CATALANE \u00bb","type":"rich","width":600,"height":338,"html":"<blockquote class=\"wp-embedded-content\" data-secret=\"nGcaZbWOML\"><a href=\"https:\/\/www.locansol.fr\/en\/evenement\/soiree-litteraire-plantes-sauvages-dans-la-tradition-catalane\/\">SOIREE LITTERAIRE \u00ab PLANTES SAUVAGES DANS LA TRADITION CATALANE \u00bb<\/a><\/blockquote><iframe sandbox=\"allow-scripts\" security=\"restricted\" src=\"https:\/\/www.locansol.fr\/en\/evenement\/soiree-litteraire-plantes-sauvages-dans-la-tradition-catalane\/embed\/#?secret=nGcaZbWOML\" width=\"600\" height=\"338\" title=\"&#8220;SOIREE LITTERAIRE \u00ab PLANTES SAUVAGES DANS LA TRADITION CATALANE \u00bb&#8221; &#8212; Locansol, louer un h\u00e9bergement dans les Pyr\u00e9n\u00e9es Orientales\" data-secret=\"nGcaZbWOML\" frameborder=\"0\" marginwidth=\"0\" marginheight=\"0\" scrolling=\"no\" class=\"wp-embedded-content\"><\/iframe><script>\n\/*! This file is auto-generated *\/\n!function(d,l){\"use strict\";l.querySelector&&d.addEventListener&&\"undefined\"!=typeof URL&&(d.wp=d.wp||{},d.wp.receiveEmbedMessage||(d.wp.receiveEmbedMessage=function(e){var t=e.data;if((t||t.secret||t.message||t.value)&&!\/[^a-zA-Z0-9]\/.test(t.secret)){for(var s,r,n,a=l.querySelectorAll('iframe[data-secret=\"'+t.secret+'\"]'),o=l.querySelectorAll('blockquote[data-secret=\"'+t.secret+'\"]'),c=new RegExp(\"^https?:$\",\"i\"),i=0;i<o.length;i++)o[i].style.display=\"none\";for(i=0;i<a.length;i++)s=a[i],e.source===s.contentWindow&&(s.removeAttribute(\"style\"),\"height\"===t.message?(1e3<(r=parseInt(t.value,10))?r=1e3:~~r<200&&(r=200),s.height=r):\"link\"===t.message&&(r=new URL(s.getAttribute(\"src\")),n=new URL(t.value),c.test(n.protocol))&&n.host===r.host&&l.activeElement===s&&(d.top.location.href=t.value))}},d.addEventListener(\"message\",d.wp.receiveEmbedMessage,!1),l.addEventListener(\"DOMContentLoaded\",function(){for(var e,t,s=l.querySelectorAll(\"iframe.wp-embedded-content\"),r=0;r<s.length;r++)(t=(e=s[r]).getAttribute(\"data-secret\"))||(t=Math.random().toString(36).substring(2,12),e.src+=\"#?secret=\"+t,e.setAttribute(\"data-secret\",t)),e.contentWindow.postMessage({message:\"ready\",secret:t},\"*\")},!1)))}(window,document);\n\/\/# sourceURL=https:\/\/www.locansol.fr\/wp-includes\/js\/wp-embed.min.js\n<\/script>","thumbnail_url":"https:\/\/www.locansol.fr\/wp-content\/uploads\/2026\/02\/plantes-sauvages-traditions-catalanes.webp","thumbnail_width":633,"thumbnail_height":623,"description":"La Maison de Ma R\u00e9gion \u00e0 Perpignan accueille, mardi 17 f\u00e9vrier \u00e0 18h30, une soir\u00e9e litt\u00e9raire consacr\u00e9e \u00e0 \u00ab Plantes sauvages dans la tradition catalane \u00bb, pr\u00e9sent\u00e9e par Francis Manent. Cette rencontre propose un regard approfondi sur les savoirs ancestraux li\u00e9s \u00e0 la flore m\u00e9diterran\u00e9enne. Francis Manent, auteur du livre \u00e9ponyme publi\u00e9 par les \u00c9ditions Trabucaire, a men\u00e9 pendant plusieurs ann\u00e9es des recherches ethnobotaniques dans les territoires du Capcir, des Alb\u00e8res, de l\u2019Empord\u00e0 et de la Garrotxa. Il s\u2019est entretenu avec des bergers, des masoveres et d\u2019autres usagers de la nature pour recueillir des savoirs transmis oralement. Le fruit de cette qu\u00eate est un corpus de plus de 100 plantes, accompagn\u00e9 de leurs usages traditionnels : infusions, teintures, sirops, decoctions, liqueurs. Parmi celles-ci figurent l\u2019achill\u00e9e millefeuille, le bouleau, la carlina, le fr\u00eane, l\u2019houx, le tamier et le th\u00e9 du galbe. L\u2019\u00e9v\u00e9nement est ouvert \u00e0 tous, sans frais d\u2019entr\u00e9e. Il s\u2019inscrit dans une d\u00e9marche de valorisation du patrimoine culturel local, notamment au moment o\u00f9 la R\u00e9gion Occitanie renforce sa politique d\u2019animation culturelle et de transmission des savoirs. La Maison de Ma R\u00e9gion, situ\u00e9e au 35 boulevard Saint-Assiscle, propose r\u00e9guli\u00e8rement des \u00e9v\u00e9nements gratuits d\u00e9di\u00e9s \u00e0 l\u2019art, \u00e0 la culture, \u00e0 la langue catalane et aux traditions du territoire."}

Hébergements Locansol

<blockquote class="wp-embedded-content" data-secret="nGcaZbWOML"><a href="https://www.locansol.fr/en/evenement/soiree-litteraire-plantes-sauvages-dans-la-tradition-catalane/">SOIREE LITTERAIRE « PLANTES SAUVAGES DANS LA TRADITION CATALANE »</a></blockquote><iframe sandbox="allow-scripts" security="restricted" src="https://www.locansol.fr/en/evenement/soiree-litteraire-plantes-sauvages-dans-la-tradition-catalane/embed/#?secret=nGcaZbWOML" width="600" height="338" title="&#8220;SOIREE LITTERAIRE « PLANTES SAUVAGES DANS LA TRADITION CATALANE »&#8221; &#8212; Locansol, louer un hébergement dans les Pyrénées Orientales" data-secret="nGcaZbWOML" frameborder="0" marginwidth="0" marginheight="0" scrolling="no" class="wp-embedded-content"></iframe><script>
/*! This file is auto-generated */
!function(d,l){"use strict";l.querySelector&&d.addEventListener&&"undefined"!=typeof URL&&(d.wp=d.wp||{},d.wp.receiveEmbedMessage||(d.wp.receiveEmbedMessage=function(e){var t=e.data;if((t||t.secret||t.message||t.value)&&!/[^a-zA-Z0-9]/.test(t.secret)){for(var s,r,n,a=l.querySelectorAll('iframe[data-secret="'+t.secret+'"]'),o=l.querySelectorAll('blockquote[data-secret="'+t.secret+'"]'),c=new RegExp("^https?:$","i"),i=0;i<o.length;i++)o[i].style.display="none";for(i=0;i<a.length;i++)s=a[i],e.source===s.contentWindow&&(s.removeAttribute("style"),"height"===t.message?(1e3<(r=parseInt(t.value,10))?r=1e3:~~r<200&&(r=200),s.height=r):"link"===t.message&&(r=new URL(s.getAttribute("src")),n=new URL(t.value),c.test(n.protocol))&&n.host===r.host&&l.activeElement===s&&(d.top.location.href=t.value))}},d.addEventListener("message",d.wp.receiveEmbedMessage,!1),l.addEventListener("DOMContentLoaded",function(){for(var e,t,s=l.querySelectorAll("iframe.wp-embedded-content"),r=0;r<s.length;r++)(t=(e=s[r]).getAttribute("data-secret"))||(t=Math.random().toString(36).substring(2,12),e.src+="#?secret="+t,e.setAttribute("data-secret",t)),e.contentWindow.postMessage({message:"ready",secret:t},"*")},!1)))}(window,document);
//# sourceURL=https://www.locansol.fr/wp-includes/js/wp-embed.min.js
</script>

La Maison de Ma Région à Perpignan accueille, mardi 17 février à 18h30, une soirée littéraire consacrée à « Plantes sauvages dans la tradition catalane », présentée par Francis Manent. Cette rencontre propose un regard approfondi sur les savoirs ancestraux liés à la flore méditerranéenne. Francis Manent, auteur du livre éponyme publié par les Éditions Trabucaire, a mené pendant plusieurs années des recherches ethnobotaniques dans les territoires du Capcir, des Albères, de l’Empordà et de la Garrotxa. Il s’est entretenu avec des bergers, des masoveres et d’autres usagers de la nature pour recueillir des savoirs transmis oralement. Le fruit de cette quête est un corpus de plus de 100 plantes, accompagné de leurs usages traditionnels : infusions, teintures, sirops, decoctions, liqueurs. Parmi celles-ci figurent l’achillée millefeuille, le bouleau, la carlina, le frêne, l’houx, le tamier et le thé du galbe. L’événement est ouvert à tous, sans frais d’entrée. Il s’inscrit dans une démarche de valorisation du patrimoine culturel local, notamment au moment où la Région Occitanie renforce sa politique d’animation culturelle et de transmission des savoirs. La Maison de Ma Région, située au 35 boulevard Saint-Assiscle, propose régulièrement des événements gratuits dédiés à l’art, à la culture, à la langue catalane et aux traditions du territoire.
