{"version":"1.0","provider_name":"Locansol, rent accommodation in the Eastern Pyrenees, France","provider_url":"https:\/\/www.locansol.fr\/en","author_name":"H\u00e9bergements Locansol","author_url":"https:\/\/www.locansol.fr\/en\/author\/locansol\/","title":"TH\u00c9\u00c2TRE PRIMAVERA - LA BELLE H\u00c9L\u00c8NE ET LES GAR\u00c7ONS","type":"rich","width":600,"height":338,"html":"<blockquote class=\"wp-embedded-content\" data-secret=\"xNJgjF464p\"><a href=\"https:\/\/www.locansol.fr\/en\/evenement\/theatre-primavera-la-belle-helene-et-les-garcons\/\">TH\u00c9\u00c2TRE PRIMAVERA &#8211; LA BELLE H\u00c9L\u00c8NE ET LES GAR\u00c7ONS<\/a><\/blockquote><iframe sandbox=\"allow-scripts\" security=\"restricted\" src=\"https:\/\/www.locansol.fr\/en\/evenement\/theatre-primavera-la-belle-helene-et-les-garcons\/embed\/#?secret=xNJgjF464p\" width=\"600\" height=\"338\" title=\"&#8220;TH\u00c9\u00c2TRE PRIMAVERA &#8211; LA BELLE H\u00c9L\u00c8NE ET LES GAR\u00c7ONS&#8221; &#8212; Locansol, louer un h\u00e9bergement dans les Pyr\u00e9n\u00e9es Orientales\" data-secret=\"xNJgjF464p\" frameborder=\"0\" marginwidth=\"0\" marginheight=\"0\" scrolling=\"no\" class=\"wp-embedded-content\"><\/iframe><script>\n\/*! This file is auto-generated *\/\n!function(d,l){\"use strict\";l.querySelector&&d.addEventListener&&\"undefined\"!=typeof URL&&(d.wp=d.wp||{},d.wp.receiveEmbedMessage||(d.wp.receiveEmbedMessage=function(e){var t=e.data;if((t||t.secret||t.message||t.value)&&!\/[^a-zA-Z0-9]\/.test(t.secret)){for(var s,r,n,a=l.querySelectorAll('iframe[data-secret=\"'+t.secret+'\"]'),o=l.querySelectorAll('blockquote[data-secret=\"'+t.secret+'\"]'),c=new RegExp(\"^https?:$\",\"i\"),i=0;i<o.length;i++)o[i].style.display=\"none\";for(i=0;i<a.length;i++)s=a[i],e.source===s.contentWindow&&(s.removeAttribute(\"style\"),\"height\"===t.message?(1e3<(r=parseInt(t.value,10))?r=1e3:~~r<200&&(r=200),s.height=r):\"link\"===t.message&&(r=new URL(s.getAttribute(\"src\")),n=new URL(t.value),c.test(n.protocol))&&n.host===r.host&&l.activeElement===s&&(d.top.location.href=t.value))}},d.addEventListener(\"message\",d.wp.receiveEmbedMessage,!1),l.addEventListener(\"DOMContentLoaded\",function(){for(var e,t,s=l.querySelectorAll(\"iframe.wp-embedded-content\"),r=0;r<s.length;r++)(t=(e=s[r]).getAttribute(\"data-secret\"))||(t=Math.random().toString(36).substring(2,12),e.src+=\"#?secret=\"+t,e.setAttribute(\"data-secret\",t)),e.contentWindow.postMessage({message:\"ready\",secret:t},\"*\")},!1)))}(window,document);\n\/\/# sourceURL=https:\/\/www.locansol.fr\/wp-includes\/js\/wp-embed.min.js\n<\/script>","thumbnail_url":"https:\/\/www.locansol.fr\/wp-content\/uploads\/2024\/04\/AdobeStock_303324767-scaled.jpeg","thumbnail_width":2560,"thumbnail_height":1707,"description":"TH\u00c9\u00c2TRE PRIMAVERA &#8211; LA BELLE H\u00c9L\u00c8NE ET LES GAR\u00c7ONS Sainte-Marie Jeudi 26 f\u00e9vrier \u00e0 21:00 Le Th\u00e9\u00e2tre du Petit Monde r\u00e9invente le chef-d\u2019\u0153uvre de Jacques Offenbach, La Belle H\u00e9l\u00e8ne. L\u2019intrigue [&hellip;]"}

Hébergements Locansol

THÉÂTRE PRIMAVERA - LA BELLE HÉLÈNE ET LES GARÇONS

<blockquote class="wp-embedded-content" data-secret="xNJgjF464p"><a href="https://www.locansol.fr/en/evenement/theatre-primavera-la-belle-helene-et-les-garcons/">THÉÂTRE PRIMAVERA &#8211; LA BELLE HÉLÈNE ET LES GARÇONS</a></blockquote><iframe sandbox="allow-scripts" security="restricted" src="https://www.locansol.fr/en/evenement/theatre-primavera-la-belle-helene-et-les-garcons/embed/#?secret=xNJgjF464p" width="600" height="338" title="&#8220;THÉÂTRE PRIMAVERA &#8211; LA BELLE HÉLÈNE ET LES GARÇONS&#8221; &#8212; Locansol, louer un hébergement dans les Pyrénées Orientales" data-secret="xNJgjF464p" frameborder="0" marginwidth="0" marginheight="0" scrolling="no" class="wp-embedded-content"></iframe><script>
/*! This file is auto-generated */
!function(d,l){"use strict";l.querySelector&&d.addEventListener&&"undefined"!=typeof URL&&(d.wp=d.wp||{},d.wp.receiveEmbedMessage||(d.wp.receiveEmbedMessage=function(e){var t=e.data;if((t||t.secret||t.message||t.value)&&!/[^a-zA-Z0-9]/.test(t.secret)){for(var s,r,n,a=l.querySelectorAll('iframe[data-secret="'+t.secret+'"]'),o=l.querySelectorAll('blockquote[data-secret="'+t.secret+'"]'),c=new RegExp("^https?:$","i"),i=0;i<o.length;i++)o[i].style.display="none";for(i=0;i<a.length;i++)s=a[i],e.source===s.contentWindow&&(s.removeAttribute("style"),"height"===t.message?(1e3<(r=parseInt(t.value,10))?r=1e3:~~r<200&&(r=200),s.height=r):"link"===t.message&&(r=new URL(s.getAttribute("src")),n=new URL(t.value),c.test(n.protocol))&&n.host===r.host&&l.activeElement===s&&(d.top.location.href=t.value))}},d.addEventListener("message",d.wp.receiveEmbedMessage,!1),l.addEventListener("DOMContentLoaded",function(){for(var e,t,s=l.querySelectorAll("iframe.wp-embedded-content"),r=0;r<s.length;r++)(t=(e=s[r]).getAttribute("data-secret"))||(t=Math.random().toString(36).substring(2,12),e.src+="#?secret="+t,e.setAttribute("data-secret",t)),e.contentWindow.postMessage({message:"ready",secret:t},"*")},!1)))}(window,document);
//# sourceURL=https://www.locansol.fr/wp-includes/js/wp-embed.min.js
</script>

THÉÂTRE PRIMAVERA &#8211; LA BELLE HÉLÈNE ET LES GARÇONS Sainte-Marie Jeudi 26 février à 21:00 Le Théâtre du Petit Monde réinvente le chef-d’œuvre de Jacques Offenbach, La Belle Hélène. L’intrigue [&hellip;]
