{"version":"1.0","provider_name":"Locansol, alquilar un alojamiento en los Pirineos Orientales, Francia","provider_url":"https:\/\/www.locansol.fr\/es","author_name":"H\u00e9bergements Locansol","author_url":"https:\/\/www.locansol.fr\/es\/author\/locansol\/","title":"CONCERT CARITATIF POUR LES ENFANTS D'ICI ET D'AILLEURS","type":"rich","width":600,"height":338,"html":"<blockquote class=\"wp-embedded-content\" data-secret=\"V5rxzjLD82\"><a href=\"https:\/\/www.locansol.fr\/es\/evenement\/concert-caritatif-pour-les-enfants-dici-et-dailleurs\/\">CONCERT CARITATIF POUR LES ENFANTS D&rsquo;ICI ET D&rsquo;AILLEURS<\/a><\/blockquote><iframe sandbox=\"allow-scripts\" security=\"restricted\" src=\"https:\/\/www.locansol.fr\/es\/evenement\/concert-caritatif-pour-les-enfants-dici-et-dailleurs\/embed\/#?secret=V5rxzjLD82\" width=\"600\" height=\"338\" title=\"\u00abCONCERT CARITATIF POUR LES ENFANTS D&rsquo;ICI ET D&rsquo;AILLEURS\u00bb \u2014 Locansol, louer un h\u00e9bergement dans les Pyr\u00e9n\u00e9es Orientales\" data-secret=\"V5rxzjLD82\" frameborder=\"0\" marginwidth=\"0\" marginheight=\"0\" scrolling=\"no\" class=\"wp-embedded-content\"><\/iframe><script>\n\/*! This file is auto-generated *\/\n!function(d,l){\"use strict\";l.querySelector&&d.addEventListener&&\"undefined\"!=typeof URL&&(d.wp=d.wp||{},d.wp.receiveEmbedMessage||(d.wp.receiveEmbedMessage=function(e){var t=e.data;if((t||t.secret||t.message||t.value)&&!\/[^a-zA-Z0-9]\/.test(t.secret)){for(var s,r,n,a=l.querySelectorAll('iframe[data-secret=\"'+t.secret+'\"]'),o=l.querySelectorAll('blockquote[data-secret=\"'+t.secret+'\"]'),c=new RegExp(\"^https?:$\",\"i\"),i=0;i<o.length;i++)o[i].style.display=\"none\";for(i=0;i<a.length;i++)s=a[i],e.source===s.contentWindow&&(s.removeAttribute(\"style\"),\"height\"===t.message?(1e3<(r=parseInt(t.value,10))?r=1e3:~~r<200&&(r=200),s.height=r):\"link\"===t.message&&(r=new URL(s.getAttribute(\"src\")),n=new URL(t.value),c.test(n.protocol))&&n.host===r.host&&l.activeElement===s&&(d.top.location.href=t.value))}},d.addEventListener(\"message\",d.wp.receiveEmbedMessage,!1),l.addEventListener(\"DOMContentLoaded\",function(){for(var e,t,s=l.querySelectorAll(\"iframe.wp-embedded-content\"),r=0;r<s.length;r++)(t=(e=s[r]).getAttribute(\"data-secret\"))||(t=Math.random().toString(36).substring(2,12),e.src+=\"#?secret=\"+t,e.setAttribute(\"data-secret\",t)),e.contentWindow.postMessage({message:\"ready\",secret:t},\"*\")},!1)))}(window,document);\n\/\/# sourceURL=https:\/\/www.locansol.fr\/wp-includes\/js\/wp-embed.min.js\n<\/script>","thumbnail_url":"https:\/\/www.locansol.fr\/wp-content\/uploads\/2026\/04\/concert-caritatif-collioure-musique.webp","thumbnail_width":905,"thumbnail_height":1280,"description":"Le dimanche 19 avril, de 17h00 \u00e0 18h30, le Centre Culturel de Collioure accueillera un concert caritatif d\u00e9di\u00e9 aux enfants d\u2019ici et d\u2019ailleurs. Situ\u00e9 au 13 rue Jules Michelet, cet \u00e9v\u00e9nement promet une soir\u00e9e musicale exceptionnelle. Le Ch\u0153ur Osmose, un ensemble vocal associatif de Saint-G\u00e9nis-des-Fontaines dans les Pyr\u00e9n\u00e9es-Orientales, se produira pour l\u2019occasion. Dirig\u00e9 par Aline Rico, le ch\u0153ur est compos\u00e9 d\u2019une quarantaine de choristes passionn\u00e9s, issus de divers horizons et nationalit\u00e9s. Leur r\u00e9pertoire inclut des \u0153uvres sacr\u00e9es de Mozart et de Michael Haydn. Le \u00ab Requiem \u00bb de Michael Haydn, compos\u00e9 en 1771, est une pi\u00e8ce ma\u00eetresse qui a influenc\u00e9 le c\u00e9l\u00e8bre \u00ab Requiem \u00bb de Mozart, \u00e9crit en 1791. Le programme comprendra \u00e9galement la \u00ab Little Jazz Mass \u00bb de Bob Chilcott, une messe latine en cinq mouvements qui apporte une touche de modernit\u00e9 au r\u00e9pertoire classique. L\u2019accompagnement au piano sera assur\u00e9 par \u00c9milie Benterfa. Le tarif d\u2019entr\u00e9e est de 15 \u20ac pour les adultes, avec une entr\u00e9e gratuite pour les enfants. Les r\u00e9servations peuvent \u00eatre effectu\u00e9es au 06 82 04 40 44. Ce concert caritatif est une occasion unique de soutenir une noble cause tout en profitant d\u2019un moment musical de haute qualit\u00e9. L\u2019ambiance promet d\u2019\u00eatre chaleureuse et engageante, avec des performances vocales et instrumentales de grande qualit\u00e9. Le cadre du Centre Culturel de Collioure, connu pour son acoustique et son charme, ajoutera une dimension sp\u00e9ciale \u00e0 l\u2019\u00e9v\u00e9nement. Participer \u00e0 ce concert, c\u2019est non seulement assister \u00e0 une performance musicale de premier ordre, mais aussi contribuer \u00e0 une action solidaire en faveur des enfants."}

Hébergements Locansol

<blockquote class="wp-embedded-content" data-secret="V5rxzjLD82"><a href="https://www.locansol.fr/es/evenement/concert-caritatif-pour-les-enfants-dici-et-dailleurs/">CONCERT CARITATIF POUR LES ENFANTS D&rsquo;ICI ET D&rsquo;AILLEURS</a></blockquote><iframe sandbox="allow-scripts" security="restricted" src="https://www.locansol.fr/es/evenement/concert-caritatif-pour-les-enfants-dici-et-dailleurs/embed/#?secret=V5rxzjLD82" width="600" height="338" title="«CONCERT CARITATIF POUR LES ENFANTS D&rsquo;ICI ET D&rsquo;AILLEURS» — Locansol, louer un hébergement dans les Pyrénées Orientales" data-secret="V5rxzjLD82" frameborder="0" marginwidth="0" marginheight="0" scrolling="no" class="wp-embedded-content"></iframe><script>
/*! This file is auto-generated */
!function(d,l){"use strict";l.querySelector&&d.addEventListener&&"undefined"!=typeof URL&&(d.wp=d.wp||{},d.wp.receiveEmbedMessage||(d.wp.receiveEmbedMessage=function(e){var t=e.data;if((t||t.secret||t.message||t.value)&&!/[^a-zA-Z0-9]/.test(t.secret)){for(var s,r,n,a=l.querySelectorAll('iframe[data-secret="'+t.secret+'"]'),o=l.querySelectorAll('blockquote[data-secret="'+t.secret+'"]'),c=new RegExp("^https?:$","i"),i=0;i<o.length;i++)o[i].style.display="none";for(i=0;i<a.length;i++)s=a[i],e.source===s.contentWindow&&(s.removeAttribute("style"),"height"===t.message?(1e3<(r=parseInt(t.value,10))?r=1e3:~~r<200&&(r=200),s.height=r):"link"===t.message&&(r=new URL(s.getAttribute("src")),n=new URL(t.value),c.test(n.protocol))&&n.host===r.host&&l.activeElement===s&&(d.top.location.href=t.value))}},d.addEventListener("message",d.wp.receiveEmbedMessage,!1),l.addEventListener("DOMContentLoaded",function(){for(var e,t,s=l.querySelectorAll("iframe.wp-embedded-content"),r=0;r<s.length;r++)(t=(e=s[r]).getAttribute("data-secret"))||(t=Math.random().toString(36).substring(2,12),e.src+="#?secret="+t,e.setAttribute("data-secret",t)),e.contentWindow.postMessage({message:"ready",secret:t},"*")},!1)))}(window,document);
//# sourceURL=https://www.locansol.fr/wp-includes/js/wp-embed.min.js
</script>

Le dimanche 19 avril, de 17h00 à 18h30, le Centre Culturel de Collioure accueillera un concert caritatif dédié aux enfants d’ici et d’ailleurs. Situé au 13 rue Jules Michelet, cet événement promet une soirée musicale exceptionnelle. Le Chœur Osmose, un ensemble vocal associatif de Saint-Génis-des-Fontaines dans les Pyrénées-Orientales, se produira pour l’occasion. Dirigé par Aline Rico, le chœur est composé d’une quarantaine de choristes passionnés, issus de divers horizons et nationalités. Leur répertoire inclut des œuvres sacrées de Mozart et de Michael Haydn. Le « Requiem » de Michael Haydn, composé en 1771, est une pièce maîtresse qui a influencé le célèbre « Requiem » de Mozart, écrit en 1791. Le programme comprendra également la « Little Jazz Mass » de Bob Chilcott, une messe latine en cinq mouvements qui apporte une touche de modernité au répertoire classique. L’accompagnement au piano sera assuré par Émilie Benterfa. Le tarif d’entrée est de 15 € pour les adultes, avec une entrée gratuite pour les enfants. Les réservations peuvent être effectuées au 06 82 04 40 44. Ce concert caritatif est une occasion unique de soutenir une noble cause tout en profitant d’un moment musical de haute qualité. L’ambiance promet d’être chaleureuse et engageante, avec des performances vocales et instrumentales de grande qualité. Le cadre du Centre Culturel de Collioure, connu pour son acoustique et son charme, ajoutera une dimension spéciale à l’événement. Participer à ce concert, c’est non seulement assister à une performance musicale de premier ordre, mais aussi contribuer à une action solidaire en faveur des enfants.
